2*t - 6 + 40. What is the remainder when u is divided by t?
14
Let s(g) = g**2 - 1. Let f be s(4). Suppose -3*m = i + 10, -5*m + 3 - f = 4*i. What is the remainder when 10 is divided by i?
0
Let j = 404 - 173. What is the remainder when j is divided by 13?
10
Let r be (0 - -2)/(12/258). Suppose -2*w - 3*h = -r, 4*w - 59 = -4*h + 21. Calculate the remainder when 61 is divided by w.
10
Suppose -7*t - 216 = -16*t. What is the remainder when 32 is divided by t?
8
Suppose 10*r + 284 + 269 = 643. Let x(v) be the first derivative of 2*v**3 + v**2/2 - v - 1. What is the remainder when r is divided by x(1)?
3
Let m(h) be the first derivative of 3/2*h**2 + 6 - 10*h. What is the remainder when 67 is divided by m(9)?
16
Let y = 257 + -113. Suppose 2*s + y = 4*s. Suppose -4*i + 51 + 49 = 0. What is the remainder when s is divided by i?
22
Let l = 557 + -546. Calculate the remainder when 43 is divided by l.
10
Let y = 1 + 5. Suppose -2*v = -u - 49, -6*u + 9*u - 7 = -v. Calculate the remainder when v is divided by y.
4
Suppose 4*m + 5 + 55 = 0. Suppose -3*l + 3*b = -17 - 46, -3*l + 73 = 2*b. Calculate the remainder when l is divided by (18/m)/((-2)/10).
5
Let h(o) = -o**3 + 21*o**2 + 25*o - 2. Calculate the remainder when h(22) is divided by 17.
13
Suppose -m + 529 = -3*v + 509, 2*v = -3*m + 137. What is the remainder when m is divided by (-7)/(-1*1*1)?
6
Let b(c) = c**2 + 8*c + 10. Let k be b(-7). Suppose -k*l - 74 = -7*a + 3*a, 72 = 4*a - 4*l. What is the remainder when 12/(-2)*58/(-6) is divided by a?
18
Let d = 338 - 333. Let k = 20 - 2. What is the remainder when k is divided by d?
3
Let y = -13510 + 13539. Calculate the remainder when y is divided by (0 - -12)*(1 - 0).
5
Suppose -5*i = -g + 82, -29 = g + i - 99. Let w = 103 - g. Calculate the remainder when w is divided by (-6)/12*-8*2.
7
Let h = 409 - 403. What is the remainder when 65 is divided by h?
5
Let i = 167 - 154. Calculate the remainder when 232 is divided by i.
11
Let h = -136 - -211. Calculate the remainder when h is divided by 13.
10
Suppose 2*l + 7*l - 468 = 0. Calculate the remainder when l is divided by 41.
11
Suppose -295 = -5*y - 4*j, 4*y - j - 274 = -17. Let d = 94 - y. Calculate the remainder when d is divided by 3.
1
Let r(y) = 106*y - 248. Calculate the remainder when r(6) is divided by 78.
76
Suppose 21*w = 27*w - 84. What is the remainder when 236 is divided by w?
12
Suppose 2*m - 5*m + 36 = -2*p, 5*p = 4*m - 41. Suppose -11*s - 147 = -m*s. Calculate the remainder when s is divided by 11.
5
Let t(u) = u**3 - 10*u**2. Let o be t(10). Let f(b) = b**3 - b**2 + b + 30. Let w be f(o). Calculate the remainder when 94 is divided by 48/1*15/w.
22
Let h = 481 - 368. Calculate the remainder when h is divided by 9/6*76/3.
37
Suppose -n + 22 = -3*t, -4*n = -n + 5*t - 94. Suppose 0*z - 60 = -6*z. Calculate the remainder when n is divided by z.
8
Suppose -j = -2*a - 0*a + 46, 2*a - 4*j = 52. Suppose -3*q - a = -4*q. Let w(l) = 6*l**3 - 3*l**2 + 2*l + 2. What is the remainder when w(2) is divided by q?
20
Suppose -3*g - 2*o + 36 = 0, -2*g + 38 - 14 = -4*o. What is the remainder when 71 is divided by g?
11
Suppose i - 680 = -7*i. Suppose -2*n = n - 9. Suppose 0 = 3*r + n*u - 75, -3*r - 98 = -8*r + 4*u. Calculate the remainder when i is divided by r.
19
Suppose s - 2*q - 28 - 142 = 0, 0 = -4*q. Suppose -3*n + 85 = -s. Suppose 0*v + 35 = v + h, 2*v - n = h. What is the remainder when v is divided by 21?
19
Let c(u) = 6*u + 2. Let s = -5 - -23. Calculate the remainder when c(s) is divided by 28.
26
Let h(c) be the first derivative of -5 + 1/3*c**3 - 1/2*c**2 - 15*c. Calculate the remainder when h(10) is divided by 13.
10
Suppose -2*b + 22 = 3*t, -t = -b - 0*t + 11. Let m = 21 + -14. Calculate the remainder when b is divided by m.
4
Suppose -4*q - 70 = 702. Let s = -82 - q. Calculate the remainder when s is divided by 38.
35
Calculate the remainder when 130 is divided by ((90/(-4))/3)/((-33)/176).
10
Let h(s) = -58*s - 15. Let g be h(-11). Suppose -7*q + 2*q - 4*c = -g, 0 = q + 2*c - 121. Let b = 30 - -2. Calculate the remainder when q is divided by b.
31
Suppose 2*j - 52 - 154 = 0. Calculate the remainder when 406 is divided by j.
97
Suppose -1 + 101 = -4*p. Let s = 114 + -41. Calculate the remainder when s is divided by p/((0 - -1)/(-1)).
23
Let i(h) = -15*h + 4. Let o(y) = -y + 1. Let g(q) = -i(q) + 5*o(q). What is the remainder when (-15)/5 + 11*4 is divided by g(2)?
20
Suppose 10*r + 236 = -64. Let z = 101 + r. Calculate the remainder when z is divided by 24.
23
Suppose 0 = -w + 3, -4*w + 5 = 3*y - 91. What is the remainder when 60 is divided by y?
4
Suppose -3*q - 29 = -6*q - 4*o, 3*o = -3*q + 30. Let j = -579 + 620. What is the remainder when j is divided by q?
8
Let d = -16 + 26. Calculate the remainder when (-1 + 2)*d/1 is divided by 4.
2
Let h = 240 - 108. Suppose -4 = 4*u - 20. Suppose u*q - h = q. What is the remainder when q is divided by 23?
21
Let a be 9/(9/28) + 0. Suppose 2*x - 20 - a = 0. Calculate the remainder when x is divided by 9.
6
Suppose 12*h - 81 - 3 = 0. Calculate the remainder when 8 is divided by h.
1
Suppose 0 = 3*c - 3*o - 576, 0 = -0*c - c - 4*o + 187. What is the remainder when c is divided by 48?
47
Let v = -22 - -24. Let l(n) = 4*n**3 - 4*n + 3. What is the remainder when 79 is divided by l(v)?
25
Suppose 5*n - 5*s = 1370, 4*n = 3*s + 13 + 1080. What is the remainder when n is divided by 16?
15
Let l(m) = -11*m + 2. Suppose 0 = 2*c - 52 - 72. Calculate the remainder when l(-2) is divided by c/8 + (-3)/(-12) - -1.
6
Let g = 184 - 161. What is the remainder when ((-45)/20)/(3/(-152)) is divided by g?
22
Let p = 81 + -111. Let u = 43 + p. Calculate the remainder when 25 is divided by u.
12
Suppose -4*h + h + 15 = 0. Suppose -2*v + 57 = 5*z, -4*z + 36 - 16 = 0. Calculate the remainder when v is divided by h.
1
Suppose 3*c + 95 = 8*c. Let f = 11 - -31. Let u = f + c. What is the remainder when u is divided by 16?
13
Let u be 42/4*(-2)/3. Let k(v) = v**2 + 4*v - 3. Suppose 210 = 5*q - 55. What is the remainder when q is divided by k(u)?
17
Suppose -23*q = -42*q + 1995. What is the remainder when 201 is divided by q?
96
Let l = -256 + 262. Let o(y) = 3*y**2 - y + 1. Let w = 4 + -2. Calculate the remainder when o(w) is divided by l.
5
Let r = -114 - -210. Let y = 4 - 2. Suppose y*k + 0*k - 66 = 0. Calculate the remainder when r is divided by k.
30
Let w = -760 + 795. Calculate the remainder when 173 is divided by w.
33
Let k = 135 - 146. Let a(x) = x**3 + 11*x**2 + x + 26. Calculate the remainder when 73 is divided by a(k).
13
Let u(j) = 2*j**3 + 2*j**2 - 4*j + 2. Suppose -2*r - r + 36 = -4*q, -5*r + 5*q + 65 = 0. What is the remainder when u(3) is divided by r?
14
Let r = -10 + 14. Suppose 0 = -r*q + 69 - 9. What is the remainder when 74 is divided by q?
14
Let s(h) = -7*h - 275. Calculate the remainder when 6/4*68/6 is divided by s(-40).
2
Suppose -p - 260 = -5*p. Suppose -l = 5*r - p, l + 43 = 4*r - 0*l. What is the remainder when -2*((-37)/2 + -4) is divided by r?
9
Let g(y) = -y**3 - 6*y**2 - 6*y + 3. Let f be 16/(-24) - 13/3. Calculate the remainder when 23 is divided by g(f).
7
Let c = -182 + 416. Suppose -2*i + 2*f + 140 = 0, 3*i = -2*f - 3*f + c. What is the remainder when i is divided by 19?
16
Let v be 0 + -7 + (-1)/(-2)*4. Let y = 24 - -26. Calculate the remainder when y is divided by (-155)/(-25)*2 + (-3)/v.
11
Let l(c) = 7*c - 1. Let u = -19 - -24. Suppose 0 = 3*t + u*d - 23, -d - 2*d - 28 = -2*t. What is the remainder when l(3) is divided by t?
9
Suppose 4*q = -d + 33, 8*q = -3*d + 3*q + 85. Suppose d = 4*z + z. What is the remainder when (-666)/148 - 25/(-2) is divided by z?
3
Let b = 313 - 306. Calculate the remainder when ((-8)/6)/(8/(-204)) is divided by b.
6
Suppose 44 = -2*a + 48. Suppose a*j + 23 - 59 = 0. Let f = 6 + -1. Calculate the remainder when j is divided by f.
3
Let q = -312 + 352. Calculate the remainder when 237 is divided by q.
37
What is the remainder when 212 is divided by (-8)/(-20) - (-266)/10?
23
Let b(q) = 9*q + 2. Let j be b(3). Let p = j + -21. What is the remainder when 30 is divided by p?
6
Suppose -1039*x + 1033*x = -48. What is the remainder when 67 is divided by x?
3
Suppose -5*w - 3*a - 2 = 0, -5*a - 10 = 10. Suppose 